. Suppose 0*f - q = f. Determine w(f).
4
Let g(f) = 9*f**2 + 2*f - 3. Let h(m) = 4*m**2 + m - 1. Let a(u) = 3*g(u) - 7*h(u). Suppose -o - 7 = 5*r, -5*o = -4*o - 4*r - 2. What is a(o)?
-4
Let b(g) = -4*g**3 + 23*g**2 + 27*g + 9. Let a(h) = -h**3 + 6*h**2 + 7*h + 2. Let d(j) = 9*a(j) - 2*b(j). Give d(9).
0
Let x(z) = z + 4. Suppose 2*k - 8*q = -4*q + 28, 4*k - 2*q = 26. Calculate x(k).
8
Let y(t) = -2*t**3 + 0*t**3 - 1 + 0 - t - 2*t**2. Let z = -6 + 4. Give y(z).
9
Let g(p) = p**3 + 6*p**2 - 8*p - 4. Suppose 0 = -6*w - 18 - 24. Give g(w).
3
Let w = 3 + 1. Let v(s) = 2 + 2 - 10*s + s**2 + w*s + 4. What is v(6)?
8
Let z(g) = 2 - 3*g**2 + 0*g + g + 2*g**2 + 0. Suppose -2*v - 2*y = 3*v + 8, -y - 1 = v. Give z(v).
-4
Let j(q) be the third derivative of -q**6/120 - q**5/10 - q**4/4 - q**3/3 - 31*q**2. Let o(s) = -s**2 - 3*s + 2. Let w be o(-4). Let r = -3 + w. Determine j(r).
3
Suppose -w - 2*w - 9 = 0. Let r(o) = 5*o + 4. What is r(w)?
-11
Let l(a) = a**3 + 8*a**2 - 11*a - 15. Let d be l(-9). Let w(b) = 2*b - 1. Determine w(d).
5
Let c(o) = -o + 1. Let a be c(0). Let u(z) = 1 - z - z**2 + 0*z + 15*z**2 - 2*z**2. Give u(a).
12
Let b(y) = -y - 6. Let a be (28/6)/(2/3). Let u(q) = -q**3 + 7*q**2 - 6. Let o be u(a). What is b(o)?
0
Let r = 54 - 60. Let s(u) = -u**3 - 6*u**2 - u - 6. Give s(r).
0
Let q(i) = -i**3 - 2*i**2 + i + 2. Let f = -2 - 0. Determine q(f).
0
Let n(t) be the third derivative of t**4/8 - t**3/6 + 24*t**2. What is n(-3)?
-10
Let n = -13 - -21. Let y(k) = 5*k - n*k + 5*k - 3 - k. Give y(-3).
-6
Let q(l) be the first derivative of l**3/3 - 5*l**2/2 + 3*l + 1. Let h(g) = -g + 1. Let o(c) = 3*h(c) - q(c). Calculate o(1).
1
Let y(i) = i + 6. Let l be y(-3). Let r(z) = z**2 - 3*z + 4. Let q be r(l). Let o(c) = -c + 1. Give o(q).
-3
Let m(q) be the second derivative of q**4/12 - q**3 - q**2/2 + 4*q - 3. Calculate m(5).
-6
Let z(v) = -9*v - v**2 + 6*v - v**3 - 1 - 6*v**2 - 4*v. What is z(-6)?
5
Let p(l) be the second derivative of l**4/12 - 5*l**3/6 + l**2 + 14*l. What is p(4)?
-2
Let m(j) = -j**3 + j**2 + 2*j. Let l be m(0). Let o(i) = 3*i**2 - 3*i + 12. Let p(k) = 7*k**2 - 7*k + 25. Let q(b) = -9*o(b) + 4*p(b). Determine q(l).
-8
Let c(a) = -a**2 + a - 1. Suppose -o - 12 = -5*z - 4, -4*o + 14 = 3*z. Determine c(z).
-3
Let z(c) = -5*c. Let s be 10/(-12)*-2*3. Suppose -s = b - 2*b. Suppose b*g - 3*g + 3*u = -14, -5*g - 5*u - 25 = 0. Determine z(g).
5
Suppose -14 = -3*q - 5. Let c(d) = 3*d - 1. Determine c(q).
8
Let q(i) = -155*i + i**2 - 3 + 162*i + 4. What is q(-6)?
-5
Let d be (3/(-3)*0)/(-2). Let t(y) be the third derivative of -y**5/60 + y**3 + y**2. What is t(d)?
6
Let o(t) be the first derivative of t**3 - 4*t + 3 + 1/4*t**4 - 5/2*t**2. What is o(-4)?
0
Let o(j) be the second derivative of -1/3*j**3 - j**2 - j + 0. What is o(-5)?
8
Let n(s) = 2*s**2 - 2*s + 1. Suppose -1 = -4*v + 7. Suppose -3*o + 1 = -v. What is n(o)?
1
Suppose -4*t = -s - 7*t - 7, -4*s - t - 6 = 0. Let a = -5 + s. Let g(l) = -2*l - 9. What is g(a)?
3
Let b be (-5)/20 + (-234)/(-8). Let m(u) = 24 + 2*u - b - 3*u. Give m(-5).
0
Let u(b) = -b**2 + 4*b - 4. Suppose 0 = -0*j - 2*j + 8. Give u(j).
-4
Let v(j) = -2*j**2 + 2*j - 2. Let f(r) = -4 - 3*r - r**2 - 4*r**2 + 6*r. Let d(h) = 3*f(h) - 7*v(h). Determine d(-5).
2
Let s(o) = 5*o - 12. Suppose -2*w = r + 27, -r = -5*w - 4*r - 70. Let v(y) = -9*y + 23. Let m(u) = w*s(u) - 6*v(u). Determine m(0).
-6
Let j(o) be the third derivative of -o**4/24 - o**3/2 - 18*o**2. What is j(7)?
-10
Let f(t) be the second derivative of -t**5/20 - t**4 - 2*t**3 - 9*t**2/2 - 3*t. Let b be f(-11). Let w(s) = 1 - 2 - s**b + 0*s - 4*s + 6. What is w(-4)?
5
Let r be (1 - 21/9)/((-2)/(-9)). Let t(u) = -7*u**2 - u**3 + 5 - 3*u - 3*u - 2. Calculate t(r).
3
Let r(h) = -h**2 + 16*h - 24. Let g be r(14). Let u(z) = -z**3 - 3*z**2 + 5*z + 6. Let k be u(-4). Let l(s) = -4*s + 5 + 3*s**2 - s**k - 3*s. Give l(g).
9
Let s(b) = -3*b + 9. Suppose -6 = -0*h - h. Give s(h).
-9
Let r(h) = -5 - 1 - h + 1. Determine r(-3).
-2
Let p(k) = 0*k - 3 + 2*k - 15*k**3 + 25*k**3 - 9*k**3 - k**2. Determine p(2).
5
Let k(q) be the second derivative of q**5/20 - 5*q**4/12 - 4*q**3/3 + q**2/2 + 6*q. Let v(f) = f**3 - f + 1. Let u(y) = -k(y) + 2*v(y). Give u(-4).
-7
Let k(f) = -2 - 1 + 6 + 7*f**2 - 2. Determine k(-1).
8
Let j be (-1 - -5)*(-3)/(-24). Let a(x) be the first derivative of -x - 1 - j*x**2. What is a(2)?
-3
Suppose -2*x - 60 = -12*x. Let k(d) = -d**2 + 8*d + 1. Give k(x).
13
Let g(a) be the first derivative of a**4/4 - 4*a**3/3 + 3*a**2/2 - 1. Suppose 4*d + 4*p = d + 4, 0 = -2*d - 4*p. Give g(d).
12
Let b(n) be the first derivative of 3 + 0*n**2 + n + 1/2*n**4 - n**3. Give b(2).
5
Suppose -c + 5 = -2*c. Let d(j) = 4*j**3 - 7*j**2 - 7*j + 6. Let i(h) = -3*h**3 + 7*h**2 + 7*h - 5. Let r(k) = c*i(k) - 4*d(k). Give r(-6).
7
Let i(k) = 0*k - k**2 - 5*k + 10*k. Calculate i(5).
0
Let t(d) = d**2 - d + 3. Let c(z) = 2*z**2 - 2*z + 5. Let g(b) = -3*c(b) + 5*t(b). Let y(h) = -8*h**2 + 5*h - 1. Let v(f) = 5*g(f) - y(f). What is v(1)?
4
Let m(c) = c**3 + 2*c**2 + c. Suppose 0*u = -5*u - s - 8, 5*s = -u - 16. Calculate m(u).
0
Suppose 3*r + 3*d = 2*d + 1, -1 = r + d. Let p(t) = t**2 + t - 1. Let o(c) = 4*c**2 + 4*c - 3. Let k(n) = r*o(n) - 5*p(n). Give k(0).
2
Let l(u) = -5*u**3 + u**2 + 5. Let v(j) = 4*j**3 - 2*j**2 - 5. Let q(n) = -3*l(n) - 4*v(n). Give q(5).
5
Let r(d) = -2*d + 1. Let t(a) = -2*a - 13. Let h be t(-7). Determine r(h).
-1
Let f(y) = y**3 + 3*y**2 - 5*y - 3. Let q(v) = -3*v + 5. Let j be q(3). What is f(j)?
1
Let t = 79 - 79. Let g(p) be the third derivative of -3*p**2 + 1/6*p**3 - 1/120*p**6 + 1/10*p**5 - 1/8*p**4 + t + 0*p. Determine g(2).
11
Let y(i) = i + 3. Let s = -195 - -184. Calculate y(s).
-8
Let u(d) = -d - 4. Let b(r) = -r - 5. Let z(n) = -3*b(n) + 2*u(n). Let a(o) = -2*o**2 + 38*o - 6. Let t be a(19). Determine z(t).
1
Suppose 3*x - 10 = 2*m, -3*m + 0*x = 3*x. Let i(o) = -o**3 + 0*o**2 - 4*o**2 - 5 + 3. Calculate i(m).
-10
Let o be 1/((-3)/(-9)) + -3. Suppose o = -3*y - 2*d + 58, -d = 3*y - 5*y + 27. Let l(t) = t + y - 17 + 4*t. Give l(2).
9
Suppose 10*h - 16 - 24 = 0. Suppose -6*q + 18 = 3*u - 2*q, -4 = u - 2*q. Let x(p) = 4*p + p**2 - 4*p + h*p + u. Calculate x(-4).
2
Let i = -3 - -3. Suppose i*o = 2*x + 4*o - 10, -10 = x - 3*o. Let f(q) = -11*q - 1. Determine f(x).
10
Suppose 4*y = -b + 27, 4*b - 18 = y + 5. Let t(k) = -k**2 + 6*k + 3. What is t(b)?
-4
Let r(h) = -h + 1. Suppose 4*q - 25 = x, 7*x - 3*x - 20 = -4*q. Let w = q + -4. What is r(w)?
-1
Let h be 6 + 0 - (-24)/(-12). Let v(l) = l**3 - 3*l**2 - 5*l + 5. Calculate v(h).
1
Let k(d) = -d**2 - 2. Suppose 0 = w - 6*w + 70. Let v = w - 10. Let m(r) = -r**2 - 2. Let i(j) = v*m(j) - 3*k(j). Give i(2).
-6
Let t(k) = -3*k + 4*k + 2*k + 2. Determine t(-3).
-7
Let h(t) be the second derivative of t**6/360 + 7*t**5/120 + t**4/8 - 5*t**3/6 + t. Let l(n) be the second derivative of h(n). Determine l(-6).
-3
Suppose a = 4*p - p + 1, 2*p - 16 = 4*a. Let o(c) = c**2 + 5*c - 3. Calculate o(a).
-3
Let w be -2 - (-6 + -4 + 2). Let n(f) be the third derivative of f**4/24 - 2*f**3/3 - f**2. Calculate n(w).
2
Let l(d) = 2*d**2 - 1. Let w = 70 - 72. What is l(w)?
7
Let u(y) = y + 7. Let o = 207 + -213. What is u(o)?
1
Let n(g) = -g - 4. Let r = -6 - -5. Let v be (-5)/((-10)/(-8)) + r. Determine n(v).
1
Suppose 4*k - 1 = 19. Let t(h) = -h**2 + 3*h - 6. Determine t(k).
-16
Let l(n) be the third derivative of -n**5/60 - n**4/6 - n**3 - 2*n**2. Let o = -10 + 6. Calculate l(o).
-6
Let t(i) = i**3 - 5*i**2 + i - 2. Let o be t(5). Let g(f) = -5*f - 32. Let h(y) = 2*y + 15. Let x(l) = -6*g(l) - 13*h(l). Give x(o).
9
Let g(m) be the third derivative of -m**4/24 - 7*m**3/6 + 3*m**2. Determine g(-6).
-1
Let f(c) be the second derivative of c**3/3 + c**2/2 + c. Suppose 0 = 4*m + 5*l - 3, -3*m + l = -5*m + 3. Give f(m).
5
Let g(s) = 6*s**3 - 4*s - s**2 - s**3 - 1 + 0 + 2*s. Let l be g(-1). Let w(a) = -a - 1. What is w(l)?
4
Let l(s) = -s + 7. Let y be l(3). Let c be y + (-2 - (0 - 1)). Let w(o) = o**2 - 4*o - 1. Give w(c).
-4
Let s = -2 + 0. Let w be (-1)/((4/2)/s). Let b(q) = -2*q**2 - 2*q + 1. Determine b(w).
-3
Suppose -4*o = -9*o - 15. Let j(q) be the first derivative of -q**4/4 - q**3 + 3*q**2/2 + q + 1. Determine j(o